posite?
False
Let l = -94 - -80. Let q be 23074/l + 23/161. Let a = q - -2367. Is a a prime number?
True
Let l(i) = 586*i - 105. Let h = -349 - -357. Is l(h) prime?
True
Is 34/((556/(-695))/(200132/(-10))) a composite number?
True
Suppose -3*c - 3296 = -5*c. Suppose c = 7*w - 1887. Suppose -5*y + 70 + w = 0. Is y a prime number?
False
Suppose 16*u = -2*u + 378. Suppose -u*b + 32603 = -20*b. Is b composite?
False
Suppose 4*u = -4*s + 341176, -9*u = -5*s - 8*u + 426488. Is s a prime number?
True
Suppose 36*i + 35641587 - 100171122 = -69*i. Is i a composite number?
True
Suppose 0 = 171*f - 1818906 + 204837. Is f composite?
False
Let r(t) = 3*t - 31. Let f be r(11). Let w be (0 - (-2 + f))/(-2 + 4). Suppose -m + 0*m = -4*b + 6651, w = 2*b - 4*m - 3322. Is b composite?
False
Let a = -733 + 1156. Let w = 5394 - a. Is w a prime number?
False
Suppose 28*g = 148846 - 26346. Let r = g + -1964. Is r composite?
False
Let d(f) = 31*f**3 - 69*f**2 - 46*f - 23. Is d(22) prime?
False
Let a = -4 + 6. Suppose -41 = a*t - 427. Suppose 4*m + j = 5*m - 33, 5*m - t = -2*j. Is m a composite number?
False
Let a(i) be the first derivative of 35 - 1/4*i**4 + 13*i - 21/2*i**2 + 6*i**3. Is a(15) a prime number?
True
Let t(i) be the first derivative of 67*i**2 + 7*i - 33. Is t(3) a prime number?
True
Let o(h) = -h - 8. Let w(p) = 2*p + 15. Let q(m) = 5*o(m) + 3*w(m). Let b be q(-3). Suppose b*s - 2*t - 1176 = -t, -5*s = -4*t - 2943. Is s prime?
True
Let y(m) = 15*m**2 + 15*m - 8. Suppose 44 = 9*p - 5*p. Let s be y(p). Suppose -813 - s = -5*g. Is g prime?
True
Suppose 161241 = 6*l - 1975722 - 2696211. Is l composite?
True
Suppose -2*p + 15 = p. Suppose p*f - 4 + 4 = 0. Suppose -5*j - 500 - 270 = -r, -4*j - 20 = f. Is r prime?
False
Suppose -5*u - 29 = -319. Let v = 841 - 838. Suppose -2*q + v*q + 2 = 0, -4*d + 3*q + u = 0. Is d a prime number?
True
Let s(f) be the first derivative of 96*f**3 + 3*f**2/2 + 5*f - 67. Is s(-2) composite?
False
Let o = -126 + 66. Let h = 441 - o. Is h composite?
True
Let f be ((-12)/10)/(4/(-80)). Let g(m) = -41*m - 58*m - f*m - 10 + 6. Is g(-1) a prime number?
False
Let o(l) = -l**3 - 6*l**2 - 6*l - 9. Let x be o(-5). Suppose -2*y - y - 2 = -4*v, -y - 2*v - 4 = 0. Is y - ((-1044)/(-1))/x a composite number?
True
Let c(s) = 9684*s + 4519. Is c(10) a composite number?
False
Suppose -q - 3*r = -4*q + 153339, q + 5*r - 51089 = 0. Is q a prime number?
True
Let k = 194176 + 154863. Is k a prime number?
True
Let w(f) = 628*f**2 + 67*f - 898. Is w(11) a prime number?
False
Suppose -22*t = -24*t - 12, -2*y - 5*t + 405568 = 0. Is y composite?
False
Suppose 0*d + 5*d = 2*v - 13, -2*v = -2*d - 4. Let n be (42/(-9) + 3)*126*d. Suppose 9*i - 675 = n. Is i composite?
True
Let r(q) = -1397*q - 4. Let m be (5/2 + -2)*(6 + 2). Let l(s) = -1397*s - 5. Let f(k) = m*l(k) - 5*r(k). Is f(1) prime?
False
Suppose 5*t + 2*d = 30, t + 0 = 2*d - 6. Suppose 2*j + 4*f = 226, 2*j - j = t*f + 101. Is j prime?
True
Suppose -a + 55 = 5*l - 69, 0 = a - 5*l - 154. Let c(x) = -126*x - a*x - 19 - 41*x. Is c(-8) a prime number?
False
Suppose 0 = -4*n + 87327 + 67061. Suppose -9080 - 39161 = -5*m - 2*h, 0 = -4*m - 3*h + n. Is m prime?
False
Let y = 12057 - 10579. Is y composite?
True
Let s(w) = -9*w**2 - 97*w + 64. Let t(j) = 6*j**2 + 65*j - 43. Let p be (-3 + 2)/(1/5). Let z(i) = p*s(i) - 7*t(i). Is z(-15) a composite number?
True
Let u(p) = 4*p - 23. Let i be u(7). Suppose -i*s + 0*s + 15 = 0. Suppose 0 = s*m - 5*h - 6488, 0 = -2*m - 3*h + 2763 + 1556. Is m a prime number?
True
Let m(o) = -o**3 - 30*o**2 - 3*o - 7. Let w = 175 + -208. Is m(w) a prime number?
True
Suppose 875381 = 5*b - 3*a, -147*a = 4*b - 142*a - 700327. Is b prime?
False
Let a be ((16/(-3))/((-42)/189))/2. Suppose 4*v + a*v - 68336 = 0. Is v a composite number?
False
Let g be (-1)/4 + 37/4. Suppose 18*t = 23045 + 215473. Is (-6)/g*t/(-14) a composite number?
False
Let p(i) = 606*i**3 - 2*i**2 + 43*i - 316. Is p(7) prime?
False
Suppose 2*r - 6*r + 55667 = -3*d, 4*d - 13893 = -r. Suppose -r = -3*l - 1946. Is l a prime number?
True
Let j be 2/(-8) - 44465/(-20). Suppose -c = -4*q - 1785, j = -5*q + 4*c - 0*c. Is (q/12)/(2/(-16)) composite?
True
Let r(f) = -5*f - 88. Let y be r(-20). Is (2 + -2 + 5)*(5 + y) a prime number?
False
Suppose -119*t + 84635957 = 44*t. Is t a prime number?
False
Suppose 3*l - 5*p = 421, 4*l - 2*p - p - 565 = 0. Let j = 215 - l. Suppose -5*i + j - 23 = 0. Is i prime?
False
Let l(h) = h**3 + h**2 - 11*h - 4. Let u be l(-5). Is 41785/7 + (0 - (-14)/u) a composite number?
True
Suppose -33*g + 36193063 = -21*g + 71*g. Is g a composite number?
False
Let c be (-4)/((-16)/76) + 0. Suppose -c*s = -40416 + 10225. Is s prime?
False
Suppose -19*t - 299 = -32*t. Suppose 24584 = -15*q + t*q. Is q a composite number?
True
Suppose -3*l - 9 = -p, 3*p = 4*l - l + 9. Is (2 - -1)/l - -1*1062 composite?
False
Let t(c) = -41*c + 1. Let o be t(1). Let q be ((-4)/10)/(4/o). Suppose -q*g = -g - 6441. Is g a prime number?
False
Suppose -4*y - 3*y = -49. Suppose y*g - 5393 = -1648. Let x = -88 + g. Is x a composite number?
True
Let t be (-4928)/21 - (-24)/36. Let j be (-3)/(-3)*1 - 116. Let n = j - t. Is n composite?
True
Let g = 267176 - 168187. Is g a composite number?
True
Suppose -2*q - 21*w = -20*w - 202533, q - w = 101268. Is q a composite number?
False
Let g(t) = -3*t - 20. Let m be g(-5). Let j(v) = -38*v**3 - 12*v**2 + 3*v + 6. Is j(m) prime?
True
Suppose 5*n - 2173 = 8152. Suppose -m + q + 1080 = -3*m, 0 = m + 2*q + 534. Let h = m + n. Is h prime?
True
Let d(m) = 5*m + 9. Suppose 2*j - 2*n = -0*j - 18, 0 = -5*j - 3*n - 5. Let z be d(j). Is 8/(-44) + (-6459)/z composite?
False
Suppose -31527594 = 8*o - 134*o. Is o composite?
True
Suppose -64648859 = -89*i + 55702950 - 7903780. Is i a composite number?
False
Suppose 7*d = 14*d - 1754081. Is d composite?
False
Suppose 1033*x - 287026 = 1029*x + 5*t, -x + t + 71755 = 0. Is x a prime number?
False
Let t be (-2)/9 - (-455)/(-63)*-1. Suppose -t*w + 2812 + 9375 = 0. Is w a prime number?
True
Let h(j) = -j**3 + 4*j**2 + 23*j - 12. Let l be h(7). Suppose -v = 2*d - 1408, 95*d - 94*d = -l*v + 2807. Is v a prime number?
False
Let x(q) = 61*q - 49. Let t = -148 - -166. Is x(t) a prime number?
True
Let f(d) = -2*d + 22. Let a be f(-10). Let j = 46 - a. Suppose -1848 = -j*i - 188. Is i prime?
False
Is 2*(-5)/10 - (-1*1008364 + -2) composite?
True
Let q = 9 - 6. Is (2 - q)/(12/(-24468)) a composite number?
False
Suppose 32 = 2*m - 38. Suppose 36*r - m*r = 3482. Is r prime?
False
Let d(w) = -205797*w + 5140. Is d(-9) a composite number?
False
Suppose -100*h - 4418 = -88*h - 478406. Is h a prime number?
True
Let p = 240 + -244. Is 4581 - (p + 0)/((-32)/(-16)) composite?
False
Let o = 4664 - 1502. Let n = -1843 + o. Is n a composite number?
False
Suppose w + 5*t - 1 = -2, 3*w - 4*t - 92 = 0. Suppose -23*k - 4 = -w*k. Suppose 0 = 5*s - 0*s + 2*j - 275, k*j - 220 = -4*s. Is s composite?
True
Let u = 69 - 73. Let m be (-16)/(-24)*(-1290)/u. Let q = m + -58. Is q a prime number?
True
Suppose 0 = 5*t - o - 14, -o - 12 = 44*t - 48*t. Suppose -4*h = t*d - 22040, -5*d - 4172 + 31727 = 5*h. Is h a prime number?
False
Suppose -12 = -8*i + 5*i. Suppose -i*k + 3548 = -6*k. Is (-4)/8 + -2*k/8 prime?
True
Let s(w) = 19845*w**2 + 54*w + 814. Is s(-9) a composite number?
False
Let u(t) = 3*t - 11*t + 28319*t**2 + 17*t + 10 + 2*t - 6017*t**2. Is u(-1) composite?
True
Let z(f) = 9608*f**2 - 17*f + 29. Is z(6) a composite number?
True
Let w = -1155 + 679. Let p = 975 + w. Is p prime?
True
Let i(r) = -r**3 - 4*r**2 + 4. Let g be i(-3). Let d be (g + 2)*7/((-21)/(-8)). Is (-1431)/d - (-7)/56 prime?
True
Let v(j) = 8*j**2 - 17*j - 103. Let a be (-4)/22 + (14 - 216/(-99)). Is v(a) prime?
False
Let n = 180844 - -43507. Is n a prime number?
True
Let w(c) = 10620*c + 70. Let h be w(2). Suppose -x = -6*x + n + 35514, -n = 3*x - h. Is x a prime number?
True
Let t(j) = 91*j + 29. Suppose 0 = 3*i - 10 - 5, 2*i = 4*u + 18. Let d be (-1)/u - ((-52)/8 + -3). Is t(d) prime?
False
Suppose -316202 - 356995 = -5*q + a, 5*q + 3*a - 673189 = 0. Is q prime?
True
Suppose -3*d - k = -43368, 94*k - 97*k = -5*d + 72266. Suppose p + 28896 = 2*s, -s + 3*p = -p - d. Is s composite?
False
Let m(b) = 4*b**2 - 18*b + 9*